{"id":398,"date":"2024-09-09T14:17:54","date_gmt":"2024-09-09T14:17:54","guid":{"rendered":"https:\/\/menu.eleavouliagmeni.gr\/?page_id=398"},"modified":"2024-10-03T13:10:38","modified_gmt":"2024-10-03T13:10:38","slug":"menu-espanol","status":"publish","type":"page","link":"https:\/\/menu.eleavouliagmeni.gr\/index.php\/es\/menu-espanol\/","title":{"rendered":"Menu-Espanol"},"content":{"rendered":"\t\t<div data-elementor-type=\"wp-page\" data-elementor-id=\"398\" class=\"elementor elementor-398\" data-elementor-post-type=\"page\">\n\t\t\t\t<div class=\"elementor-element elementor-element-37e2091 e-flex e-con-boxed e-con e-parent\" data-id=\"37e2091\" data-element_type=\"container\">\n\t\t\t\t\t<div class=\"e-con-inner\">\n\t\t\t\t<div class=\"elementor-element elementor-element-5000963 elementor-widget elementor-widget-text-editor\" data-id=\"5000963\" data-element_type=\"widget\" data-widget_type=\"text-editor.default\">\n\t\t\t\t<div class=\"elementor-widget-container\">\n\t\t\t\t\t\t\t\t\t<h4><strong><u>BRUNCH<\/u><\/strong><\/h4><p><strong>HUEVOS<\/strong><\/p><p>Tortilla<br \/>3 huevos, Parmesano, prosciutto Cotto, champi\u00f1ones y pimientos \u20ac10<\/p><p>Tortilla Saludable<br \/>Claras de huevo, pavo de Israel, espinacas, aguacate y queso cottage \u20ac11<\/p><p>Aguacate en Tostada<br \/>Pan Dinkel, crema de aguacate, huevos pochados o revueltos, tomates semi-secos y chile \u20ac12<\/p><p>Kayanas<br \/>Salsa de tomate, huevo, queso Caprino, pastrami y queso Caprino \u20ac11<\/p><p>Huevos Benedict<br \/>Brioche, 2 huevos pochados, panceta ahumada y salsa holandesa \u20ac10<\/p><p>Huevos Royale<br \/>Brioche, 2 huevos pochados, stracciatella, salm\u00f3n ahumado, aguacate y salsa holandesa \u20ac11<\/p><p>Croque Madame<br \/>Pan de masa madre, Scarmozza, prosciutto Cotto, bechamel, crema de Parmesano y opci\u00f3n de huevo pochado o frito \u20ac13<\/p><p>Huevos Revueltos<br \/>En croissant de mantequilla, pavo de Israel, pesto y pistacho de Egina \u20ac13<\/p><p><strong>Extras<\/strong><br \/>Huevo pochado o frito +\u20ac1.50 \/ huevos revueltos +\u20ac3 \/ aguacate +\u20ac1.50<br \/>Salm\u00f3n +\u20ac3 \/ bacon +\u20ac1.50 \/ crema de queso con champi\u00f1ones +\u20ac1<\/p><p><strong>BOWL<\/strong><\/p><p>Bowl Saludable<br \/>Yogur griego, frutas de temporada, nueces, ar\u00e1ndanos, semillas de lino y miel \u20ac8<\/p><p>Bowl de Acai<br \/>Pl\u00e1tano, frutos rojos, frutas de temporada, granola, mantequilla de man\u00ed, semillas de amapola y jarabe de arce \u20ac10<\/p><p>Bowl de Coco<br \/>Leche de coco, pl\u00e1tano, pi\u00f1a, miel, almendras, granola y bayas de goji \u20ac9<\/p><p><strong>DULCES<\/strong><\/p><p>Croissant de Chocolate<br \/>Con crema de chocolate con leche, caramelo de mantequilla y crocante de avellana \u20ac6<\/p><p>Croissant de Pistacho<br \/>Con crema de mascarpone, pralin\u00e9 de pistacho de Egina, pistacho caramelizado y az\u00facar en polvo \u20ac6<\/p><p>Croissant de Cheesecake de Fresa<br \/>Con crema de cheesecake, mermelada de fresa, lima y almendras \u20ac6<\/p><p>Bar<br \/>Con chocolate blanco, mantequilla de man\u00ed y frutos secos variados \u20ac3.50<\/p><p>Bar<br \/>Con chocolate con leche, naranja y frutos secos variados \u20ac3.50<\/p><p><strong>BEBIDAS ESPECIALES<\/strong><br \/>Espresso solo \u20ac3.8 | Freddo espresso \u20ac4<br \/>Cappuccino solo \u20ac3.8 | Freddo cappuccino \u20ac4.5<br \/>Cappuccino doble \u20ac4.5 | Caf\u00e9 filtrado \u20ac2.5<br \/>Americano \u20ac4 | Caf\u00e9 fr\u00edo \u20ac4<br \/>Cortado \u20ac4 | Cold brew \u20ac4<br \/>Flat white \u20ac4 | Matcha latte \u20ac4<br \/>Latte caliente\/fr\u00edo \u20ac4.5 | Saborizado de matcha \u20ac4<br \/>Disparo extra \u20ac0.8 | Chocolate caliente \u20ac4<\/p><p><strong>Extras<\/strong><br \/>Leche de almendra\/avena\/coco +\u20ac0.5 \/ disparo de espresso extra +\u20ac1 \/ jarabe +\u20ac0.5 \/ leche +\u20ac0.3<\/p><p><strong>BAR SALUDABLE<\/strong><br \/>Jugo de naranja fresco \u20ac4<br \/>Mezcla C\u00edtrica<br \/>Naranja, pomelo rosa, naranja sanguina o mandarina \u20ac4.5<br \/>Detox<br \/>Naranja, zanahoria, jengibre, manzana \u20ac5.5<br \/>Smoothie de Bosque<br \/>Fresa, frambuesa, ar\u00e1ndanos, miel, leche vegana \u20ac6<br \/>Garden Smash<br \/>Pepino, espinaca, manzana verde, lima, jengibre \u20ac5.5<br \/>Sweet Disposition<br \/>Pl\u00e1tano, jarabe de agave, leche de avellana, manzana roja, canela \u20ac5.5<br \/>The Boost<br \/>Aguacate, pl\u00e1tano, mantequilla de man\u00ed, miel, leche de coco, bayas \u20ac6<\/p><p><strong>BEBIDAS<\/strong><br \/>Agua mineral natural (0.5lt) \u20ac0.5 \/ (1lt) \u20ac3.5<br \/>Refrescos \u20ac4<br \/>San Pellegrino (750ml) \u20ac7<br \/>San Pellegrino (250ml) \u20ac4<br \/>Cerveza \u20ac6<\/p><p>Se sirve de 9:00 AM a 5:00 PM.<\/p><hr \/><h4><strong><u>PANINI \/ FOCACCIA<\/u><\/strong><\/h4><p>Di Santo<br \/>Mortadela de pistacho, Parmesano Reggiano, pesto de pistacho de Egina, stracciatella y valeriana \u20ac10<\/p><p>Parma<br \/>Prosciutto Di Parma, mozzarella Fior di Latte, stracciatella, tomates y r\u00facula \u20ac12<\/p><p>Picante<br \/>Ventricina, pesto Calabrese, Parmesano Reggiano, Ricotta y r\u00facula \u20ac10<\/p><p>Speck<br \/>Crema de gorgonzola, speck, bals\u00e1mico envejecido, calabaza asada y albahaca \u20ac10<\/p><p>Pastrami<br \/>Pastrami de res, mayonesa de pepinillo, Pecorino Sardo al Pepe y lechuga iceberg \u20ac11<\/p><p>Polo<br \/>Filete de pollo org\u00e1nico, salsa aioli, Parmesano Reggiano, r\u00facula y tomates semi-secos \u20ac10<\/p><p>Cotto<br \/>Prosciutto Cotto, Ricotta, pesto de albahaca y tomate seco \u20ac10<\/p><p>Village<br \/>Pasta de oliva, tomate seco, feta y salami de Lefkada \u20ac8<\/p><p>Porchetta<br \/>Porchetta, Provola, cebolla crujiente, ensalada col y mostaza de Dijon \u20ac12<\/p><p>Tartufo<br \/>Salami de Mil\u00e1n, mayonesa de trufa, Pecorino de trufa y cebollas caramelizadas \u20ac12<\/p><p>Burrata<br \/>Burrata fresca, pesto de albahaca, tomates semi-secos y mezcla de lechugas \u20ac10<\/p><p>Melanzane<br \/>Crema de berenjena ahumada, queso Caprino, chutney de tomate y berenjena asada \u20ac9<\/p><p>Veggie<br \/>Pimiento asado, calabac\u00edn, ma\u00edz a la parrilla, mayonesa vegana, mostaza y tofu \u20ac8<\/p><p>Salm\u00f3n<br \/>Salm\u00f3n ahumado hecho a mano, crema agria, pepino, r\u00facula, confit de lim\u00f3n, eneldo y Brie \u20ac12<br \/>(extra caviar +\u20ac15)<\/p><p>Huevos Revueltos<br \/>Huevos, pavo de Israel, Fontina, r\u00facula, mayonesa de hierbas y tomates semi-secos \u20ac10<\/p><hr \/><h4><strong><u>PINSA<\/u><\/strong><\/h4><p>Margherita<br \/>Stracciatella, salsa de tomate San Marzano y albahaca \u20ac14<\/p><p>San Daniele<br \/>Stracciatella, mozzarella Fior di Latte, salsa de tomate San Marzano, tomates confitados, prosciutto San Daniele de 24 meses y r\u00facula \u20ac18<\/p><p>Valentina<br \/>Mozzarella Fior di Latte, tomate San Marzano, Caprino, Finocchiona \u20ac17<\/p><p>Picante<br \/>Mozzarella Fior di Latte, salsa de tomate San Marzano, Spianata, Nduja y r\u00facula \u20ac16<\/p><p>Pistachio<br \/>Mozzarella Fior di Latte, mortadela de pistacho, pesto de pistacho de Egina y valeriana \u20ac18<\/p><p>Funghi<br \/>Mozzarella Fior di Latte, champi\u00f1ones de temporada, Parmesano envejecido, espinacas y aceite de trufa blanca \u20ac16<\/p><p>Milano<br \/>Mozzarella Fior di Latte, Scarmozza, salami de Mil\u00e1n y cebollas caramelizadas \u20ac17<\/p><p>Polo<br \/>Mozzarella Fior di Latte, filete de pollo org\u00e1nico, salsa aioli, pimientos multicolores, Parmesano Reggiano y r\u00facula \u20ac17<\/p><p>Salm\u00f3n<br \/>Crema agria, salm\u00f3n ahumado hecho a mano, pur\u00e9 de calabaza con albahaca, hinojo y eneldo \u20ac17<br \/>(extra caviar +\u20ac10)<\/p><p>Se sirve de 1:00 PM a 12:00 AM.<\/p><hr \/><h4><strong><u>MEN\u00da<\/u><\/strong><\/h4><p><strong>ENSALADAS<\/strong><\/p><p>ROMANA<br \/>Lechuga iceberg, lechuga verde lollo, filete de pollo, prosciutto crujiente, Parmesano y salsa aioli \u20ac16<\/p><p>BURRATA<br \/>Tomates multicolores, crumble de algarrobo, cebolla encurtida, pesto de pistacho de Egina, lim\u00f3n y mozzarella burrata \u20ac16<\/p><p>ENSALADA VERDE<br \/>Mezcla de hojas de ensalada, salm\u00f3n ahumado hecho a mano, fruta de temporada, nueces caramelizadas, queso Caprino y vinagreta c\u00edtrica \u20ac16<\/p><p>LENTEJAS BELUGA<br \/>Espinacas baby, lentejas Beluga, pepino, queso Caprino, tomates semi-secos, eneldo y vinagreta de aguacate \u20ac15<\/p><p><strong>ENTRANTES<\/strong><\/p><p>PLATTER DE FR\u00cdOS Y EMBUTIDOS<br \/>Embutidos, quesos, chutney hecho a mano, palitos de pan y nueces \u20ac18\/\u20ac28<\/p><p>CARPACCIO DE RES<br \/>Carpaccio de res con avellanas caramelizadas, Parmesano, vinagreta de hierbas, lim\u00f3n y r\u00facula \u20ac18<\/p><p>ARANCINI MILANESE<br \/>Croqueta de arroz con ossobuco, crema de Parmesano y azafr\u00e1n de Kozani \u20ac12<\/p><p>ARANCINI DE CHAMPI\u00d1ONES<br \/>Croqueta de arroz con champi\u00f1ones de temporada, mascarpone, crema de Parmesano y trufa \u20ac11<\/p><p>PESCE CRUDO<br \/>Ceviche de lubina, fruta de la pasi\u00f3n, mango, pepino, chile \u20ac18<br \/>(extra caviar +\u20ac10)<\/p><p>VITELLO TONATO<br \/>Ternera en rodajas finas, espuma de at\u00fan, alcaparras y lim\u00f3n \u20ac18<\/p><p>PROSCIUTTO E BURRATA<br \/>Focaccia caliente, Prosciutto San Daniele, mozzarella Burrata \u20ac19<\/p><p><strong>PASTA<\/strong><\/p><p>SPAGHETTI POMODORO<br \/>Con salsa de tomate San Marzano y albahaca \u20ac14<\/p><p>LINGUINE CACIO E PEPE<br \/>Con pimienta negra y Pecorino Romano (trufa extra \u20ac8) \u20ac17<\/p><p>RIGATONI PESTO E PISTACHIO<br \/>Con pesto de pistacho de Egina, Ricotta, tomates semi-secos y lim\u00f3n \u20ac17<\/p><p>FUSILLI CILENTANI BOLOGNESE<br \/>Con salsa bolo\u00f1esa hecha de carne de res envejecida y crema de Parmesano \u20ac16<\/p><p>LINGUINE CON CAVIAR<br \/>Con mantequilla, lima y caviar KALUGA Imperial \u20ac32<\/p><p><strong>DULCES<\/strong><\/p><p>TIRAMISU<br \/>Pate a bombe, savoiardi y espresso \u20ac10<\/p><p>TIRAMISU DE PISTACHO<br \/>Crema de pistacho, savoiardi y espresso \u20ac10<\/p><p>MARITOZZI DE PISTACHO<br \/>Brioche con mascarpone, pralin\u00e9 de pistacho de Egina y az\u00facar en polvo \u20ac9<\/p><p>CANNOLI<br \/>Relleno de crema de mascarpone, avellana caramelizada y fruta de la pasi\u00f3n caramelizada \u20ac9<\/p><p>BEBIDAS<br \/>Agua mineral natural (1lt) \u20ac3.5<br \/>Refrescos \u20ac4<br \/>San Pellegrino (750ml) \u20ac7 \/ (250ml) \u20ac4<br \/>Cerveza \u20ac6<\/p><p>Los clientes no est\u00e1n obligados a pagar si no reciben un recibo v\u00e1lido. Los precios incluyen IVA. Persona responsable de las compras: Panagiotis Papagiannis. Por favor, informe al personal sobre cualquier alergia o intolerancia que pueda tener. Nuestro men\u00fa puede contener trazas de al\u00e9rgenos que podr\u00edan causar reacciones al\u00e9rgicas o intolerancias.<\/p>\t\t\t\t\t\t\t\t<\/div>\n\t\t\t\t<\/div>\n\t\t\t\t\t<\/div>\n\t\t\t\t<\/div>\n\t\t<div class=\"elementor-element elementor-element-6784a4e e-flex e-con-boxed e-con e-parent\" data-id=\"6784a4e\" data-element_type=\"container\">\n\t\t\t\t\t<div class=\"e-con-inner\">\n\t\t\t\t<div class=\"elementor-element elementor-element-40e8412 elementor-widget elementor-widget-text-editor\" data-id=\"40e8412\" data-element_type=\"widget\" data-widget_type=\"text-editor.default\">\n\t\t\t\t<div class=\"elementor-widget-container\">\n\t\t\t\t\t\t\t\t\t<p>Lorem ipsum dolor sit amet, consectetur adipiscing elit. Ut elit tellus, luctus nec ullamcorper mattis, pulvinar dapibus leo.<\/p>\t\t\t\t\t\t\t\t<\/div>\n\t\t\t\t<\/div>\n\t\t\t\t\t<\/div>\n\t\t\t\t<\/div>\n\t\t\t\t<\/div>\n\t\t","protected":false},"excerpt":{"rendered":"<p>BRUNCH HUEVOS Tortilla3 huevos, Parmesano, prosciutto Cotto, champi\u00f1ones y pimientos \u20ac10 Tortilla SaludableClaras de huevo, pavo de Israel, espinacas, aguacate y queso cottage \u20ac11 Aguacate en TostadaPan Dinkel, crema de aguacate, huevos pochados o revueltos, tomates semi-secos y chile \u20ac12 KayanasSalsa de tomate, huevo, queso Caprino, pastrami y queso Caprino \u20ac11 Huevos BenedictBrioche, 2 huevos [&hellip;]<\/p>\n","protected":false},"author":1,"featured_media":0,"parent":0,"menu_order":0,"comment_status":"closed","ping_status":"closed","template":"","meta":{"footnotes":""},"class_list":["post-398","page","type-page","status-publish","hentry"],"_links":{"self":[{"href":"https:\/\/menu.eleavouliagmeni.gr\/index.php\/wp-json\/wp\/v2\/pages\/398","targetHints":{"allow":["GET"]}}],"collection":[{"href":"https:\/\/menu.eleavouliagmeni.gr\/index.php\/wp-json\/wp\/v2\/pages"}],"about":[{"href":"https:\/\/menu.eleavouliagmeni.gr\/index.php\/wp-json\/wp\/v2\/types\/page"}],"author":[{"embeddable":true,"href":"https:\/\/menu.eleavouliagmeni.gr\/index.php\/wp-json\/wp\/v2\/users\/1"}],"replies":[{"embeddable":true,"href":"https:\/\/menu.eleavouliagmeni.gr\/index.php\/wp-json\/wp\/v2\/comments?post=398"}],"version-history":[{"count":14,"href":"https:\/\/menu.eleavouliagmeni.gr\/index.php\/wp-json\/wp\/v2\/pages\/398\/revisions"}],"predecessor-version":[{"id":547,"href":"https:\/\/menu.eleavouliagmeni.gr\/index.php\/wp-json\/wp\/v2\/pages\/398\/revisions\/547"}],"wp:attachment":[{"href":"https:\/\/menu.eleavouliagmeni.gr\/index.php\/wp-json\/wp\/v2\/media?parent=398"}],"curies":[{"name":"wp","href":"https:\/\/api.w.org\/{rel}","templated":true}]}}